 of 369880142?
9
What is the hundreds digit of 38456771?
7
What is the units digit of 298807009?
9
What is the hundreds digit of 993877607?
6
What is the hundreds digit of 769495312?
3
What is the millions digit of 111652437?
1
What is the units digit of 2235810855?
5
What is the thousands digit of 48616232?
6
What is the millions digit of 1577077796?
7
What is the hundreds digit of 223043688?
6
What is the hundreds digit of 75618646?
6
What is the thousands digit of 39900622?
0
What is the hundreds digit of 1841851207?
2
What is the hundred thousands digit of 90363709?
3
What is the thousands digit of 2503937545?
7
What is the ten thousands digit of 919255173?
5
What is the hundreds digit of 45440694?
6
What is the tens digit of 180850709?
0
What is the millions digit of 28880164?
8
What is the thousands digit of 303395703?
5
What is the ten millions digit of 27817397?
2
What is the hundred thousands digit of 668888983?
8
What is the ten millions digit of 290787081?
9
What is the ten millions digit of 314178767?
1
What is the billions digit of 2090765493?
2
What is the tens digit of 5661222771?
7
What is the units digit of 4518771327?
7
What is the thousands digit of 962008423?
8
What is the units digit of 773825452?
2
What is the ten millions digit of 2434248530?
3
What is the thousands digit of 3219979298?
9
What is the thousands digit of 45560654?
0
What is the hundreds digit of 26294828?
8
What is the tens digit of 2440810?
1
What is the millions digit of 7769809017?
9
What is the thousands digit of 90786061?
6
What is the millions digit of 28300283?
8
What is the hundred thousands digit of 10706442?
7
What is the units digit of 61347367?
7
What is the hundred millions digit of 103480362?
1
What is the units digit of 98729297?
7
What is the millions digit of 58330217?
8
What is the ten thousands digit of 116474091?
7
What is the hundreds digit of 968104?
1
What is the units digit of 264559988?
8
What is the hundreds digit of 61773420?
4
What is the tens digit of 3275015?
1
What is the hundred millions digit of 520746415?
5
What is the thousands digit of 51406?
1
What is the ten thousands digit of 926905003?
0
What is the hundred thousands digit of 1784374888?
3
What is the ten thousands digit of 34077942?
7
What is the units digit of 197541552?
2
What is the tens digit of 266827406?
0
What is the hundreds digit of 2941347?
3
What is the thousands digit of 3305737?
5
What is the hundred millions digit of 191268576?
1
What is the hundred thousands digit of 545217387?
2
What is the tens digit of 95276412?
1
What is the tens digit of 396258566?
6
What is the ten millions digit of 26713880?
2
What is the ten thousands digit of 73996675?
9
What is the millions digit of 1400567175?
0
What is the ten thousands digit of 1213034585?
3
What is the ten millions digit of 126092293?
2
What is the units digit of 4179965097?
7
What is the thousands digit of 631008793?
8
What is the millions digit of 343734010?
3
What is the hundred millions digit of 238433890?
2
What is the hundreds digit of 284246934?
9
What is the ten millions digit of 49240213?
4
What is the tens digit of 99366900?
0
What is the tens digit of 185202671?
7
What is the ten millions digit of 245184491?
4
What is the ten millions digit of 19830324?
1
What is the millions digit of 310955756?
0
What is the ten thousands digit of 96265335?
6
What is the millions digit of 314444792?
4
What is the thousands digit of 2290627862?
7
What is the thousands digit of 540905193?
5
What is the hundred thousands digit of 23844906?
8
What is the tens digit of 83843730?
3
What is the tens digit of 4670114?
1
What is the tens digit of 719781013?
1
What is the millions digit of 15475064?
5
What is the units digit of 7169101520?
0
What is the hundred thousands digit of 73688531?
6
What is the millions digit of 67380772?
7
What is the millions digit of 214435799?
4
What is the tens digit of 1163579946?
4
What is the thousands digit of 807288899?
8
What is the hundred thousands digit of 25420404?
4
What is the hundreds digit of 21341516?
5
What is the hundreds digit of 59538901?
9
What is the hundred thousands digit of 15100859?
1
What is the tens digit of 19870145?
4
What is the millions digit of 34761160?
4
What is the ten millions digit of 693105680?
9
What is the hundreds digit of 71645089?
0
What is the units digit of 621619902?
2
What is the ten thousands digit of 801052445?
5
What is the millions digit of 5473653993?
3
What is the units digit of 5213354347?
7
What is the tens digit of 421386756?
5
What is the tens digit of 27343031?
3
What is the units digit of 1065574776?
6
What is the ten millions digit of 1121504195?
2
What is the units digit of 63902567?
7
What is the hundred millions digit of 853678641?
8
What is the tens digit of 37129577?
7
What is the hundred millions digit of 152884171?
1
What is the hundred millions digit of 411628893?
4
What is the hundred thousands digit of 5442771629?
7
What is the thousands digit of 2711643869?
3
What is the hundreds digit of 354777563?
5
What is the hundred thousands digit of 28452726?
4
What is the billions digit of 1293893241?
1
What is the tens digit of 351587668?
6
What is the thousands digit of 65366244?
6
What is the hundred millions digit of 127978308?
1
What is the hundred thousands digit of 475015892?
0
What is the ten millions digit of 544879265?
4
What is the ten thousands digit of 18616187?
1
What is the units digit of 6107446?
6
What is the hundreds digit of 126726979?
9
What is the ten thousands digit of 397355468?
5
What is the ten thousands digit of 3468788768?
8
What is the ten thousands digit of 298420601?
2
What is the millions digit of 957813771?
7
What is the units digit of 439232466?
6
What is the billions digit of 1115996508?
1
What is the hundred thousands digit of 105731005?
7
What is the thousands digit of 420966307?
6
What is the tens digit of 13754384?
8
What is the thousands digit of 3902102648?
2
What is the thousands digit of 2156697835?
7
What is the ten thousands digit of 70354242?
5
What is the hundred millions digit of 1072168472?
0
What is the ten thousands digit of 13364483?
6
What is the hundred thousands digit of 723688863?
6
What is the tens digit of 1144148129?
2
What is the hundred thousands digit of 31317051?
3
What is the ten thousands digit of 4701796278?
9
What is the ten millions digit of 57586496?
5
What is the hundred thousands digit of 553699521?
6
What is the millions digit of 218809086?
8
What is the ten thousands digit of 59060615?
6
What is the millions digit of 180587315?
0
What is the ten millions digit of 843377707?
4
What is the ten millions digit of 657782524?
5
What is the ten millions digit of 156754356?
5
What is the tens digit of 5327066720?
2
What is the ten millions digit of 1527500098?
2
What is the hundreds digit of 1320412741?
7
What is the hundreds digit of 571211?
2
What is the hundred thousands digit of 49310386?
3
What is the hundred millions digit of 1240316164?
2
What is the units digit of 2610318016?
6
What is the tens digit of 3427592459?
5
What is the hundred thousands digit of 323776352?
7
What is the billions digit of 2641432789?
2
What is the ten thousands digit of 515422790?
2
What is the hundred thousands digit of 759462060?
4
What is the tens digit of 755750252?
5
What is the ten thousands digit of 2198235233?
3
What is the tens digit of 13867875?
7
What is the millions digit of 1576994014?
6
What is the hundreds digit of 4289493208?
2
What is the millions digit of 5308545071?
8
What is the hundred thousands digit of 5560092141?
0
What is the ten millions digit of 411889272?
1
What is the tens digit of 1261426611?
1
What is the thousands digit of 135659217?
9
What is the thousands digit of 137153774?
3
What is the ten millions digit of 1118719016?
1
What is the hundred thousands digit of 47635896?
6
What is the ten millions digit of 224536882?
2
What is the millions digit of 568002793?
8
What is the units digit of 75293469?
9
What is the hundred thousands digit of 1989435155?
4
What is the ten millions digit of 277234966?
7
What is the units digit of 7571368021?
1
What is the hundreds digit of 356379679?
6
What is the hundred thousands digit of 722963768?
9
What is the